
Calculate the remainder when 63538 is divided by 203.
202
What is the remainder when 78298 is divided by 270?
268
What is the remainder when 26277 is divided by 571?
11
What is the remainder when 3246 is divided by 250?
246
Calculate the remainder when 3771 is divided by 44.
31
What is the remainder when 234 is divided by 126?
108
Calculate the remainder when 24112 is divided by 2411.
2
Calculate the remainder when 9553 is divided by 159.
13
Calculate the remainder when 451761 is divided by 58.
57
What is the remainder when 2331 is divided by 456?
51
Calculate the remainder when 2895 is divided by 566.
65
What is the remainder when 34507 is divided by 16?
11
Calculate the remainder when 9501 is divided by 395.
21
Calculate the remainder when 23856 is divided by 241.
238
Calculate the remainder when 2454 is divided by 78.
36
What is the remainder when 422708 is divided by 12?
8
What is the remainder when 20439 is divided by 10?
9
What is the remainder when 89272 is divided by 558?
550
What is the remainder when 355675 is divided by 355674?
1
What is the remainder when 13040 is divided by 22?
16
What is the remainder when 925 is divided by 190?
165
What is the remainder when 22201 is divided by 14?
11
Calculate the remainder when 151079 is divided by 21576.
47
Calculate the remainder when 4539 is divided by 251.
21
Calculate the remainder when 24809 is divided by 94.
87
Calculate the remainder when 1914 is divided by 46.
28
Calculate the remainder when 131232 is divided by 1508.
36
What is the remainder when 1153 is divided by 65?
48
What is the remainder when 100400 is divided by 9?
5
Calculate the remainder when 78207 is divided by 8.
7
Calculate the remainder when 12459 is divided by 34.
15
What is the remainder when 666075 is divided by 261?
3
What is the remainder when 1235 is divided by 246?
5
What is the remainder when 471105 is divided by 91?
89
What is the remainder when 312873 is divided by 1403?
4
Calculate the remainder when 87218 is divided by 35.
33
Calculate the remainder when 25324 is divided by 110.
24
What is the remainder when 7501 is divided by 7501?
0
What is the remainder when 679266 is divided by 642?
30
Calculate the remainder when 1977 is divided by 1892.
85
Calculate the remainder when 36371 is divided by 500.
371
What is the remainder when 137645 is divided by 54?
53
What is the remainder when 2908 is divided by 1863?
1045
Calculate the remainder when 14472 is divided by 1445.
22
What is the remainder when 5695 is divided by 633?
631
What is the remainder when 4347 is divided by 2160?
27
What is the remainder when 11159 is divided by 3494?
677
Calculate the remainder when 2867225 is divided by 263.
262
What is the remainder when 122395 is divided by 74?
73
What is the remainder when 5597 is divided by 24?
5
Calculate the remainder when 3070 is divided by 338.
28
What is the remainder when 1871 is divided by 45?
26
What is the remainder when 1826 is divided by 178?
46
What is the remainder when 373161 is divided by 92?
9
Calculate the remainder when 2367 is divided by 119.
106
Calculate the remainder when 48549 is divided by 12126.
45
Calculate the remainder when 1120 is divided by 62.
4
What is the remainder when 4559 is divided by 129?
44
Calculate the remainder when 5083 is divided by 2506.
71
What is the remainder when 17198 is divided by 8517?
164
What is the remainder when 318 is divided by 24?
6
Calculate the remainder when 25797 is divided by 75.
72
Calculate the remainder when 2981 is divided by 213.
212
Calculate the remainder when 213759 is divided by 23751.
0
Calculate the remainder when 6212 is divided by 2059.
35
What is the remainder when 30547 is divided by 860?
447
What is the remainder when 8556 is divided by 76?
44
Calculate the remainder when 851119 is divided by 186.
169
What is the remainder when 10901 is divided by 232?
229
Calculate the remainder when 1315 is divided by 190.
175
Calculate the remainder when 8743 is divided by 624.
7
Calculate the remainder when 2936955 is divided by 353.
348
What is the remainder when 993 is divided by 961?
32
What is the remainder when 1473 is divided by 1286?
187
Calculate the remainder when 8132 is divided by 7984.
148
What is the remainder when 12019 is divided by 635?
589
Calculate the remainder when 39012 is divided by 2773.
190
Calculate the remainder when 18632 is divided by 1874.
1766
Calculate the remainder when 12665 is divided by 1827.
1703
Calculate the remainder when 125261 is divided by 28.
17
What is the remainder when 2044 is divided by 431?
320
Calculate the remainder when 307174 is divided by 33.
10
What is the remainder when 1601695 is divided by 16?
15
What is the remainder when 55996 is divided by 54?
52
Calculate the remainder when 109170 is divided by 97.
45
Calculate the remainder when 3442380 is divided by 17.
16
What is the remainder when 11990 is divided by 2982?
62
What is the remainder when 2193934 is divided by 487?
486
What is the remainder when 11628 is divided by 3870?
18
What is the remainder when 250700 is divided by 61?
51
What is the remainder when 10313 is divided by 2060?
13
What is the remainder when 11255 is divided by 9584?
1671
What is the remainder when 1702 is divided by 815?
72
Calculate the remainder when 325919 is divided by 172.
151
Calculate the remainder when 669 is divided by 82.
13
What is the remainder when 2123 is divided by 236?
235
What is the remainder when 413081 is divided by 6?
5
What is the remainder when 296208 is divided by 19?
17
What is the remainder when 185434 is divided by 18?
16
What is the remainder when 84521 is divided by 113?
110
Calculate the remainder when 6466 is divided by 3210.
46
What is the remainder when 17231 is divided by 20?
11
What is the remainder when 159295 is divided by 15?
10
Calculate the remainder when 1551438 is divided by 440.
438
What is the remainder when 538423 is divided by 107?
106
What is the remainder when 12405 is divided by 730?
725
Calculate the remainder when 2507 is divided by 388.
179
Calculate the remainder when 6580 is divided by 1315.
5
What is the remainder when 3634 is divided by 166?
148
What is the remainder when 1203 is divided by 21?
6
Calculate the remainder when 6512 is divided by 81.
32
Calculate the remainder when 1356 is divided by 628.
100
Calculate the remainder when 8122 is divided by 107.
97
What is the remainder when 498252 is divided by 563?
560
Calculate the remainder when 4839062 is divided by 77.
74
Calculate the remainder when 9118 is divided by 8988.
130
What is the remainder when 98475 is divided by 527?
453
Calculate the remainder when 159801 is divided by 2.
1
Calculate the remainder when 42032 is divided by 526.
478
What is the remainder when 3617 is divided by 20?
17
What is the remainder when 11618 is divided by 66?
2
What is the remainder when 66475 is divided by 100?
75
Calculate the remainder when 476367 is divided by 670.
667
What is the remainder when 86579 is divided by 585?
584
Calculate the remainder when 43586 is divided by 7.
4
Calculate the remainder when 3658 is divided by 1994.
1664
Calculate the remainder when 430269 is divided by 144.
141
Calculate the remainder when 107269 is divided by 87.
85
Calculate the remainder when 260052 is divided by 1461.
1455
What is the remainder when 28889 is divided by 94?
31
What is the remainder when 50453 is divided by 33?
29
What is the remainder when 7820 is divided by 3558?
704
What is the remainder when 110270 is divided by 28?
6
What is the remainder when 1488 is divided by 609?
270
What is the remainder when 5285 is divided by 474?
71
What is the remainder when 1307793 is divided by 12?
9
Calculate the remainder when 6523307 is divided by 1734.
1733
Calculate the remainder when 266269 is divided by 32.
29
What is the remainder when 30381 is divided by 1342?
857
Calculate the remainder when 2807 is divided by 61.
1
Calculate the remainder when 14672 is divided by 523.
28
Calculate the remainder when 3154 is divided by 622.
44
What is the remainder when 68053 is divided by 497?
461
What is the remainder when 1524 is divided by 377?
16
What is the remainder when 180488 is divided by 191?
184
What is the remainder when 2011 is divided by 357?
226
What is the remainder 